 - 9*i**2 - i**3 + 1 + 14*i**2 + 6*i. Suppose 0 = -5*d + 2*y + 5 + 10, 35 = 5*d + 2*y. Calculate r(d).
11
Let d = 357 - 344. Let o(k) = -15*k**2 - 17*k. Let q(h) = 7*h**2 + 8*h. Let l(y) = d*q(y) + 6*o(y). Determine l(-4).
8
Let r(u) = u**2 + 2*u - 4. Let l be r(-5). Let x(d) = -9 + l*d + 4 + 4. Let h = 322 + -323. Calculate x(h).
-12
Let m(u) = -u**3 + 4*u**2 + 18*u - 32. Let c be m(6). Let s(y) = 35*y + 2*y**3 + 31*y - 95*y + 28*y + 3 - c*y**2. What is s(3)?
18
Let z(i) be the first derivative of -i**4/4 - i**3/3 + i**2/2 + i - 710. Calculate z(0).
1
Let m(s) be the second derivative of 11*s**3/6 + 2*s**2 + 279*s + 1. Give m(-1).
-7
Let i(r) = -21*r**3 - 17*r**2 + 10*r - 51. Let u(c) = 8*c**3 + 7*c**2 - 4*c + 20. Let h(a) = -5*i(a) - 13*u(a). What is h(7)?
58
Suppose 0 = 9*y - 8*y - 1. Suppose 0 = -c + y + 1. Let m(a) = 9*a - 10*a - c - 1. Determine m(5).
-8
Suppose 5*t - 40 = 5*c, -t - 26 = 4*c + t. Let s(w) = 5*w + 10. Let y(u) = -u**2 - 14*u - 31. Let a(k) = c*s(k) - 2*y(k). Determine a(6).
22
Let p(r) = -10*r**3 + 5*r**2 + 11. Let q(s) = -9*s**3 + s**2 - 6*s + 7. Let k be q(1). Let x(g) = 3*g**3 - 2*g**2 - 3. Let b(i) = k*x(i) - 2*p(i). What is b(3)?
8
Let j = -11 - -1. Let b(c) = -111*c + 15*c**2 - 3*c**2 - 3*c**2 - 4 + c**3 + 108*c - 3 + c**2. Give b(j).
23
Let p be (-84)/(-476) - 2096/(-68). Let r(w) = w - 22. What is r(p)?
9
Let h(s) be the second derivative of s**5/10 + 17*s**4/12 + 3*s**3/2 + 3*s**2 + 372*s. Calculate h(-8).
-2
Let v be ((-26)/6 - 40/60)*-14. Let b be 105/v + (-10)/4. Let d(p) = 5*p**3 - 1. Calculate d(b).
-6
Let p(n) be the first derivative of 3*n**2/2 + 32*n + 686. Calculate p(-12).
-4
Let s(m) be the third derivative of 105 - 1/24*m**4 - 1/6*m**3 + 2*m**2 + 0*m. What is s(2)?
-3
Suppose 0 = 4*n + 3*y + 69, 3*n + 5*y = -28 - 32. Let b(d) = -d**2 - 10*d - 22. Calculate b(n).
-97
Let n(q) = -1 + 20*q - 8*q - 13*q - 7*q**2. Let g(v) = -3*v**2. Let m(i) = 6*g(i) - 2*n(i). Give m(2).
-10
Let g(v) = -7*v**2 + 27*v. Let x(h) = 13*h**2 - 51*h. Let m(c) = 11*g(c) + 6*x(c). What is m(8)?
-8
Let r(y) be the third derivative of -1/24*y**4 + 38*y**2 + 0*y + 1/6*y**3 - 1/120*y**6 + 1/12*y**5 + 0. Calculate r(4).
13
Let a(t) be the third derivative of t**6/120 - t**4/24 + t**3/3 + t**2 - 519*t + 2. What is a(2)?
8
Suppose 0 = -30*i + 37*i - 14. Let t(y) = -10*y + 1. What is t(i)?
-19
Suppose 2*p - 2*w + 8 = 20, 4*w = -5*p - 6. Let d(i) = -9 - 5 - 17*i - p + 14*i. Give d(-11).
17
Let h(o) be the first derivative of 0*o + 0*o**3 - 1/12*o**4 + 1/60*o**5 + 5*o**2 + 11. Let l(b) be the second derivative of h(b). Give l(-3).
15
Let w(b) = 2*b + 2958 - 5951 + 2945. What is w(23)?
-2
Let p(a) be the second derivative of -a**2 + 1/6*a**3 - 67*a + 0. Suppose f + 12 = -3*f. Calculate p(f).
-5
Let c(p) = p**2 - 10*p - 13. Let k be c(10). Let x = k - -15. Let q(t) = 0 - 2*t**2 + 2 - 1 - x*t**3. What is q(-1)?
1
Let f be 1 + 392/63 + (-18)/81. Let j(a) = a**3 - 8*a**2 + 7*a - 6. What is j(f)?
-6
Suppose -101*q + 100*q + 56 = 0. Let r(b) = -50*b + q*b + 1 + 3*b**2 - 4*b**2. Determine r(5).
6
Let y(g) = -8978*g**2 + 8979*g**2 + 12 + 15 + 20*g + 0. Suppose -p - 19 = -0*p. Determine y(p).
8
Let u = -7888 + 7884. Let j(n) = -n**3 - 5*n**2 - 4*n - 6. Give j(u).
-6
Let a(b) = 2*b**2 - 6*b - 18. Let q(n) = -57*n - 4666. Let z be q(-82). Calculate a(z).
62
Suppose 2*v = -4*a + 10, -8*v + 53 = -3*v - 4*a. Let c(o) be the second derivative of -1/12*o**4 + 35*o + 7/2*o**2 + 0 + 3/2*o**3. Calculate c(v).
7
Let h(g) = -169 + 680 - 170 + 2*g**2 - 170 - 167 + 6*g. Give h(-2).
0
Let x(m) be the third derivative of -2*m**5/15 - 11*m**4/24 + 7*m**3/6 - 608*m**2 - 2. Give x(-4).
-77
Let t(c) = -2*c**3 + 14*c**2 - 11*c - 6. Suppose 0 = -5*y + 16 + 14. Let k be t(y). Let x(b) = -b**2 - b - 15. Determine x(k).
-15
Let r(g) = 3*g - 119. Let z(d) = 76*d - 112. Let o be z(2). Calculate r(o).
1
Let p be 6/(((-5)/(-10))/(3/6)). Let h = -2 - -5. Let q(l) = -p*l + 3*l + 7*l**3 + h*l. What is q(1)?
7
Suppose 11*b + o + 8 = 12*b, -b - o + 6 = 0. Let i(x) = 14*x**2 + 4*x + 44. Let n(r) = -5*r**2 - r - 15. Let j(q) = -6*i(q) - 17*n(q). Calculate j(b).
-9
Let y(t) = 116*t**3 + 6*t**2 + 12*t - 53. Let v(i) = -20*i**3 - i**2 - 2*i + 9. Let k(z) = -35*v(z) - 6*y(z). Give k(2).
27
Suppose 4*r - b - 197 = 77, -4*r - 5*b + 262 = 0. Let f be r/40*2 + (-4)/10. Let w(y) = -4 + y - 3*y + f*y. What is w(-8)?
-12
Suppose 10*s = 14*s - 16. Let v(w) = -11*w - 10*w + s - w**2 + 20*w - 3*w. Calculate v(-6).
-8
Let f(l) = -3*l. Let b(u) = 146 - 300 + 201 + 11*u. Let n be b(-4). Calculate f(n).
-9
Let w = 10 + -6. Let z(d) be the second derivative of -5*d**4/24 + d**3/3 - 10*d**2 + d - 33. Let v(j) be the first derivative of z(j). What is v(w)?
-18
Let o(z) = -z**2 + 17*z + 110. Let u(q) = -88*q + 1931. Let n be u(22). Determine o(n).
0
Suppose 4*a + 71 - 78 = -3*a. Let y(j) = 102*j - 102. Determine y(a).
0
Suppose -4*j + 92 + 48 = 0. Let b = -34 + j. Let d(k) = 2*k**2 + 6*k**2 + b - 10*k**2 - 2*k. Calculate d(-2).
-3
Let u(k) = -2*k - 4. Let q(r) = r + 2. Let v = 57 + -63. Let n(d) = v*u(d) - 13*q(d). Suppose 0 = -7*o + 3*o. What is n(o)?
-2
Let u(m) = -6*m + 0*m**3 + 7 + 5*m**2 - 2*m**3 + 8*m - 4*m. Let w = -78 + 65. Let i(x) = -x**3 + 2*x**2 - x + 3. Let k(q) = w*i(q) + 6*u(q). Give k(-4).
-1
Let c(t) = -t + 10. Suppose -274*w + 126 = -253*w. What is c(w)?
4
Let b(l) = -2*l + 19. Let y(h) = -4*h + 67. Let j(u) = -7*b(u) + 2*y(u). Let v(x) = x**2 + 10*x + 17. Let t be v(-8). Give j(t).
7
Let f(n) = 0 + 7*n**2 + 0. Let a(t) = 688 - 171 - 168 - 29*t. Let x be a(12). Determine f(x).
7
Let g(o) = -220 + 2*o**2 + 2*o**2 - 3*o**2 + 9*o + 216. What is g(-8)?
-12
Suppose 0*w + 5*w = 2*c - 9, 3*w - 1 = -2*c. Let g(t) = 6100*t - 2 - 3051*t - 3044*t + 5 - 2. Determine g(c).
11
Let o(t) = 129*t**2 + 35*t + 57. Let q(p) = 161*p**2 + 37*p + 56. Let v(d) = -5*o(d) + 4*q(d). Calculate v(-25).
-11
Let p(k) be the first derivative of -k**4/2 - 2*k**3/3 + 2*k**2 - 10*k + 989. Give p(-3).
14
Let t(y) be the second derivative of y**5/20 - 2*y**4/3 + 7*y**3/6 + 5*y**2/2 - 311*y - 3. Give t(7).
5
Suppose -2*h + 6 + 16 = -2*n, -2*n = 3*h - 8. Let y(c) = -11*c - 11. Determine y(n).
44
Let v(u) be the first derivative of -u**3/3 - 3*u**2/2 - 5*u + 51. Let h(i) be the first derivative of v(i). What is h(3)?
-9
Let w(a) = -239*a - 2632. Let h be w(-11). Let n(i) = 9*i + 7. Calculate n(h).
-20
Let r be (-52)/(-14) - (-6)/21. Suppose v = 6*v + 4*m, v = -r*m + 16. Let w(t) = -t**2 + 14 + 16 + 12 - 41. Calculate w(v).
-15
Let g(t) be the third derivative of 0*t - 7/6*t**3 - 1/12*t**4 + 2 + t**2. Suppose 2*j = -3*n - 19, -9 = 4*n + j + 13. Calculate g(n).
3
Let a(l) = 27*l - 2. Suppose y = 4*c + 9, -8*y = 2*c - 9*y + 7. Determine a(c).
-29
Suppose -10 = -3*u + 17. Let z(x) be the first derivative of -x**2 + 3*x - 4408. Give z(u).
-15
Let v(i) = i**3 + i**2. Let x be 1*(3 + -2 + 0). Let s(d) = 4*d**3 - 5*d**2 - 7*d - 11. Let o(m) = x*s(m) - 3*v(m). Give o(9).
7
Suppose 0 = -4*p - 8 - 56. Let k(g) = -81*g**2 - g**3 - g - 16 + 24*g**2 + 41*g**2. Let u be k(p). Let i(n) = -n**3 - n**2 + n. Calculate i(u).
0
Suppose -6*j + 6 = -3*j. Let t(p) = -j*p + 1 + 0*p - 2. Suppose 2*w = -5*a - 21, -2*a + 26*w - 28*w = 12. Determine t(a).
5
Let y = 24 + -26. Let p(h) = 4*h**3 + h**2 - 1. Let t(w) = -w**3 + w**2. Let v(j) = -p(j) - 2*t(j). Calculate v(y).
5
Let z(l) = 233*l - 42. Let x(c) = 191*c - 43. Let g(a) = -5*x(a) + 4*z(a). Give g(2).
1
Let u(t) = 2*t**3 - 15*t**2 - 27*t + 1. Let h be u(8). Let m = 157 + h. Let z(c) = c**2 - 3*c + 1. Calculate z(m).
19
Let m(g) = 13*g**2 + 5*g - 2. Suppose 95 = -6*w + 11. Let d(h) = 38*h**2 + 14*h - 6. Let b(y) = w*m(y) + 5*d(y). Give b(2).
30
Let y(k) = -2*k**2 + 1. Let r = -2356 - -2357. Give y(r).
-1
Let x(y) be the third derivative of y**4/6 + 17*y**3/6 - 1176*y**2. Determine x(-9).
-19
Let y(d) = -d**3 - 6*d**2 + 6*d - 13. Suppose 1001*q - 1012*q = 66. What is y(q)?
-49
Let o(r) be the third derivative of -47*r**5/60 - r**4/12 - r**3/6 + r**2. Let b = -377894 - -377893. What is o(b)?
-46
Let v(i) = -5*i**3 - 2*i**2 - 9*i - 4. Let y(w) = -4*w**3 - 2*w**2 - 8*w - 4. Let a(o) = -5*v(o) + 6*y(o). Let q be 6 + -11 + -3 + 5. Give a(q).
-40
Let p(q) = q + 63 - 29 - 37. Let a = 10 + -10. Suppose -3